{"id":550,"date":"2025-12-17T11:39:42","date_gmt":"2025-12-17T11:39:42","guid":{"rendered":"https:\/\/sserrano.santcugatesn.com\/?post_type=product&#038;p=550"},"modified":"2025-12-25T18:22:55","modified_gmt":"2025-12-25T18:22:55","slug":"sense4u","status":"publish","type":"product","link":"https:\/\/sserrano.santcugatesn.com\/index.php\/product\/sense4u\/","title":{"rendered":"SENSE4U"},"content":{"rendered":"<p class=\"my-2 [&amp;+p]:mt-4 [&amp;_strong:has(+br)]:inline-block [&amp;_strong:has(+br)]:pb-2\">Sense4U no solo es inteligente: es\u00a0<strong>libre<\/strong>. Los 4 dep\u00f3sitos son rellenables con cualquier aroma o marca, as\u00ed eliges siempre tus fragancias favoritas sin depender de recambios propios.<\/p>\n<p class=\"my-2 [&amp;+p]:mt-4 [&amp;_strong:has(+br)]:inline-block [&amp;_strong:has(+br)]:pb-2\">Olv\u00eddate de los ambientadores manuales de siempre. <strong>Sense4U<\/strong> es la evoluci\u00f3n del bienestar en casa: un difusor inteligente conectado a tu m\u00f3vil para dise\u00f1ar la atm\u00f3sfera perfecta en segundos, est\u00e9s donde est\u00e9s.<\/p>\n<p class=\"my-2 [&amp;+p]:mt-4 [&amp;_strong:has(+br)]:inline-block [&amp;_strong:has(+br)]:pb-2\">\u00bfVienes de un d\u00eda estresante? Programa un aroma relajante para tu llegada. \u00bfVisitas sorpresa? Activa la intensidad m\u00e1xima desde cualquier lugar con la App de Sense4u. Con su dise\u00f1o minimalista, bater\u00eda recargable y dep\u00f3sitos rellenables, pensado para encajar en cualquier rinc\u00f3n, siempre dando un plus a tu hogar.<\/p>\n<div class=\"elementor-column elementor-col-33 elementor-top-column elementor-element elementor-element-f016179\" data-id=\"f016179\" data-element_type=\"column\">\n<div class=\"elementor-widget-wrap elementor-element-populated\">\n<div class=\"elementor-element elementor-element-d4ff9b8 animated-slow elementor-widget elementor-widget-heading\" data-id=\"d4ff9b8\" data-element_type=\"widget\" data-settings=\"{&quot;_animation&quot;:&quot;none&quot;}\" data-widget_type=\"heading.default\"><\/div>\n<\/div>\n<\/div>\n","protected":false},"excerpt":{"rendered":"<p class=\"my-2 [&amp;+p]:mt-4 [&amp;_strong:has(+br)]:inline-block [&amp;_strong:has(+br)]:pb-2\">Sense4U combina tecnolog\u00eda inteligente y libertad total.<\/p>\n<p class=\"my-2 [&amp;+p]:mt-4 [&amp;_strong:has(+br)]:inline-block [&amp;_strong:has(+br)]:pb-2\">\u2728\u00a0<strong>4 dep\u00f3sitos rellenables:<\/strong> Usa cualquier fragancia o marca sin depender de recambios obligatorios.<br \/>\n\ud83d\udcf1\u00a0<strong>Control por App o Voz:<\/strong> ajusta intensidad, horarios y crea ambientes perfectos desde cualquier lugar con la App SENSE4U o por Voz con Alexa(no incluido).<br \/>\n\ud83d\udd0c\u00a0<strong>Carga USB\u2011C:<\/strong> Incluye cable y bater\u00eda integrada con larga duraci\u00f3n de hasta 60 d\u00edas por carga.<br \/>\n\ud83c\udfe0\u00a0<strong>Dise\u00f1o premium:<\/strong> Est\u00e9tica minimalista y cuidada que eleva el estilo y confort de cualquier espacio.<\/p>\n","protected":false},"featured_media":639,"comment_status":"open","ping_status":"closed","template":"","meta":{"_joinchat":[]},"product_brand":[],"product_cat":[15],"product_tag":[],"class_list":{"0":"post-550","1":"product","2":"type-product","3":"status-publish","4":"has-post-thumbnail","6":"product_cat-uncategorized","8":"first","9":"instock","10":"shipping-taxable","11":"purchasable","12":"product-type-simple"},"yoast_head":"<!-- This site is optimized with the Yoast SEO plugin v26.6 - https:\/\/yoast.com\/wordpress\/plugins\/seo\/ -->\n<title>SENSE4U - Sense4U<\/title>\n<meta name=\"description\" content=\"4 Aromas rellenables y personalizables, con control total v\u00eda App o Alexa. La nueva referencia minimalista que marca diferencia en tu hogar es SENSE4U.\" \/>\n<meta name=\"robots\" content=\"index, follow, max-snippet:-1, max-image-preview:large, max-video-preview:-1\" \/>\n<link rel=\"canonical\" href=\"https:\/\/sserrano.santcugatesn.com\/index.php\/product\/sense4u\/\" \/>\n<meta property=\"og:locale\" content=\"es_ES\" \/>\n<meta property=\"og:type\" content=\"article\" \/>\n<meta property=\"og:title\" content=\"SENSE4U - Sense4U\" \/>\n<meta property=\"og:description\" content=\"4 Aromas rellenables y personalizables, con control total v\u00eda App o Alexa. La nueva referencia minimalista que marca diferencia en tu hogar es SENSE4U.\" \/>\n<meta property=\"og:url\" content=\"https:\/\/sserrano.santcugatesn.com\/index.php\/product\/sense4u\/\" \/>\n<meta property=\"og:site_name\" content=\"Sense4U\" \/>\n<meta property=\"article:modified_time\" content=\"2025-12-25T18:22:55+00:00\" \/>\n<meta property=\"og:image\" content=\"https:\/\/sserrano.santcugatesn.com\/wp-content\/uploads\/2025\/12\/Diseno-sin-titulo-21.png\" \/>\n\t<meta property=\"og:image:width\" content=\"832\" \/>\n\t<meta property=\"og:image:height\" content=\"1248\" \/>\n\t<meta property=\"og:image:type\" content=\"image\/png\" \/>\n<meta name=\"twitter:card\" content=\"summary_large_image\" \/>\n<meta name=\"twitter:label1\" content=\"Tiempo de lectura\" \/>\n\t<meta name=\"twitter:data1\" content=\"1 minuto\" \/>\n<script type=\"application\/ld+json\" class=\"yoast-schema-graph\">{\"@context\":\"https:\/\/schema.org\",\"@graph\":[{\"@type\":\"WebPage\",\"@id\":\"https:\/\/sserrano.santcugatesn.com\/index.php\/product\/sense4u\/\",\"url\":\"https:\/\/sserrano.santcugatesn.com\/index.php\/product\/sense4u\/\",\"name\":\"SENSE4U - Sense4U\",\"isPartOf\":{\"@id\":\"https:\/\/sserrano.santcugatesn.com\/#website\"},\"primaryImageOfPage\":{\"@id\":\"https:\/\/sserrano.santcugatesn.com\/index.php\/product\/sense4u\/#primaryimage\"},\"image\":{\"@id\":\"https:\/\/sserrano.santcugatesn.com\/index.php\/product\/sense4u\/#primaryimage\"},\"thumbnailUrl\":\"https:\/\/sserrano.santcugatesn.com\/wp-content\/uploads\/2025\/12\/Diseno-sin-titulo-21.png\",\"datePublished\":\"2025-12-17T11:39:42+00:00\",\"dateModified\":\"2025-12-25T18:22:55+00:00\",\"description\":\"4 Aromas rellenables y personalizables, con control total v\u00eda App o Alexa. La nueva referencia minimalista que marca diferencia en tu hogar es SENSE4U.\",\"breadcrumb\":{\"@id\":\"https:\/\/sserrano.santcugatesn.com\/index.php\/product\/sense4u\/#breadcrumb\"},\"inLanguage\":\"es\",\"potentialAction\":[{\"@type\":\"ReadAction\",\"target\":[\"https:\/\/sserrano.santcugatesn.com\/index.php\/product\/sense4u\/\"]}]},{\"@type\":\"ImageObject\",\"inLanguage\":\"es\",\"@id\":\"https:\/\/sserrano.santcugatesn.com\/index.php\/product\/sense4u\/#primaryimage\",\"url\":\"https:\/\/sserrano.santcugatesn.com\/wp-content\/uploads\/2025\/12\/Diseno-sin-titulo-21.png\",\"contentUrl\":\"https:\/\/sserrano.santcugatesn.com\/wp-content\/uploads\/2025\/12\/Diseno-sin-titulo-21.png\",\"width\":832,\"height\":1248},{\"@type\":\"BreadcrumbList\",\"@id\":\"https:\/\/sserrano.santcugatesn.com\/index.php\/product\/sense4u\/#breadcrumb\",\"itemListElement\":[{\"@type\":\"ListItem\",\"position\":1,\"name\":\"Home\",\"item\":\"https:\/\/sserrano.santcugatesn.com\/\"},{\"@type\":\"ListItem\",\"position\":2,\"name\":\"Shop\",\"item\":\"https:\/\/sserrano.santcugatesn.com\/index.php\/shop\/\"},{\"@type\":\"ListItem\",\"position\":3,\"name\":\"SENSE4U\"}]},{\"@type\":\"WebSite\",\"@id\":\"https:\/\/sserrano.santcugatesn.com\/#website\",\"url\":\"https:\/\/sserrano.santcugatesn.com\/\",\"name\":\"Sense4U\",\"description\":\"\",\"publisher\":{\"@id\":\"https:\/\/sserrano.santcugatesn.com\/#organization\"},\"potentialAction\":[{\"@type\":\"SearchAction\",\"target\":{\"@type\":\"EntryPoint\",\"urlTemplate\":\"https:\/\/sserrano.santcugatesn.com\/?s={search_term_string}\"},\"query-input\":{\"@type\":\"PropertyValueSpecification\",\"valueRequired\":true,\"valueName\":\"search_term_string\"}}],\"inLanguage\":\"es\"},{\"@type\":\"Organization\",\"@id\":\"https:\/\/sserrano.santcugatesn.com\/#organization\",\"name\":\"Sense4U\",\"url\":\"https:\/\/sserrano.santcugatesn.com\/\",\"logo\":{\"@type\":\"ImageObject\",\"inLanguage\":\"es\",\"@id\":\"https:\/\/sserrano.santcugatesn.com\/#\/schema\/logo\/image\/\",\"url\":\"https:\/\/sserrano.santcugatesn.com\/wp-content\/uploads\/2025\/12\/cropped-Diseno-sin-titulo-3.png\",\"contentUrl\":\"https:\/\/sserrano.santcugatesn.com\/wp-content\/uploads\/2025\/12\/cropped-Diseno-sin-titulo-3.png\",\"width\":195,\"height\":57,\"caption\":\"Sense4U\"},\"image\":{\"@id\":\"https:\/\/sserrano.santcugatesn.com\/#\/schema\/logo\/image\/\"}}]}<\/script>\n<!-- \/ Yoast SEO plugin. -->","yoast_head_json":{"title":"SENSE4U - Sense4U","description":"4 Aromas rellenables y personalizables, con control total v\u00eda App o Alexa. La nueva referencia minimalista que marca diferencia en tu hogar es SENSE4U.","robots":{"index":"index","follow":"follow","max-snippet":"max-snippet:-1","max-image-preview":"max-image-preview:large","max-video-preview":"max-video-preview:-1"},"canonical":"https:\/\/sserrano.santcugatesn.com\/index.php\/product\/sense4u\/","og_locale":"es_ES","og_type":"article","og_title":"SENSE4U - Sense4U","og_description":"4 Aromas rellenables y personalizables, con control total v\u00eda App o Alexa. La nueva referencia minimalista que marca diferencia en tu hogar es SENSE4U.","og_url":"https:\/\/sserrano.santcugatesn.com\/index.php\/product\/sense4u\/","og_site_name":"Sense4U","article_modified_time":"2025-12-25T18:22:55+00:00","og_image":[{"width":832,"height":1248,"url":"https:\/\/sserrano.santcugatesn.com\/wp-content\/uploads\/2025\/12\/Diseno-sin-titulo-21.png","type":"image\/png"}],"twitter_card":"summary_large_image","twitter_misc":{"Tiempo de lectura":"1 minuto"},"schema":{"@context":"https:\/\/schema.org","@graph":[{"@type":"WebPage","@id":"https:\/\/sserrano.santcugatesn.com\/index.php\/product\/sense4u\/","url":"https:\/\/sserrano.santcugatesn.com\/index.php\/product\/sense4u\/","name":"SENSE4U - Sense4U","isPartOf":{"@id":"https:\/\/sserrano.santcugatesn.com\/#website"},"primaryImageOfPage":{"@id":"https:\/\/sserrano.santcugatesn.com\/index.php\/product\/sense4u\/#primaryimage"},"image":{"@id":"https:\/\/sserrano.santcugatesn.com\/index.php\/product\/sense4u\/#primaryimage"},"thumbnailUrl":"https:\/\/sserrano.santcugatesn.com\/wp-content\/uploads\/2025\/12\/Diseno-sin-titulo-21.png","datePublished":"2025-12-17T11:39:42+00:00","dateModified":"2025-12-25T18:22:55+00:00","description":"4 Aromas rellenables y personalizables, con control total v\u00eda App o Alexa. La nueva referencia minimalista que marca diferencia en tu hogar es SENSE4U.","breadcrumb":{"@id":"https:\/\/sserrano.santcugatesn.com\/index.php\/product\/sense4u\/#breadcrumb"},"inLanguage":"es","potentialAction":[{"@type":"ReadAction","target":["https:\/\/sserrano.santcugatesn.com\/index.php\/product\/sense4u\/"]}]},{"@type":"ImageObject","inLanguage":"es","@id":"https:\/\/sserrano.santcugatesn.com\/index.php\/product\/sense4u\/#primaryimage","url":"https:\/\/sserrano.santcugatesn.com\/wp-content\/uploads\/2025\/12\/Diseno-sin-titulo-21.png","contentUrl":"https:\/\/sserrano.santcugatesn.com\/wp-content\/uploads\/2025\/12\/Diseno-sin-titulo-21.png","width":832,"height":1248},{"@type":"BreadcrumbList","@id":"https:\/\/sserrano.santcugatesn.com\/index.php\/product\/sense4u\/#breadcrumb","itemListElement":[{"@type":"ListItem","position":1,"name":"Home","item":"https:\/\/sserrano.santcugatesn.com\/"},{"@type":"ListItem","position":2,"name":"Shop","item":"https:\/\/sserrano.santcugatesn.com\/index.php\/shop\/"},{"@type":"ListItem","position":3,"name":"SENSE4U"}]},{"@type":"WebSite","@id":"https:\/\/sserrano.santcugatesn.com\/#website","url":"https:\/\/sserrano.santcugatesn.com\/","name":"Sense4U","description":"","publisher":{"@id":"https:\/\/sserrano.santcugatesn.com\/#organization"},"potentialAction":[{"@type":"SearchAction","target":{"@type":"EntryPoint","urlTemplate":"https:\/\/sserrano.santcugatesn.com\/?s={search_term_string}"},"query-input":{"@type":"PropertyValueSpecification","valueRequired":true,"valueName":"search_term_string"}}],"inLanguage":"es"},{"@type":"Organization","@id":"https:\/\/sserrano.santcugatesn.com\/#organization","name":"Sense4U","url":"https:\/\/sserrano.santcugatesn.com\/","logo":{"@type":"ImageObject","inLanguage":"es","@id":"https:\/\/sserrano.santcugatesn.com\/#\/schema\/logo\/image\/","url":"https:\/\/sserrano.santcugatesn.com\/wp-content\/uploads\/2025\/12\/cropped-Diseno-sin-titulo-3.png","contentUrl":"https:\/\/sserrano.santcugatesn.com\/wp-content\/uploads\/2025\/12\/cropped-Diseno-sin-titulo-3.png","width":195,"height":57,"caption":"Sense4U"},"image":{"@id":"https:\/\/sserrano.santcugatesn.com\/#\/schema\/logo\/image\/"}}]}},"jetpack_sharing_enabled":true,"_links":{"self":[{"href":"https:\/\/sserrano.santcugatesn.com\/index.php\/wp-json\/wp\/v2\/product\/550","targetHints":{"allow":["GET"]}}],"collection":[{"href":"https:\/\/sserrano.santcugatesn.com\/index.php\/wp-json\/wp\/v2\/product"}],"about":[{"href":"https:\/\/sserrano.santcugatesn.com\/index.php\/wp-json\/wp\/v2\/types\/product"}],"replies":[{"embeddable":true,"href":"https:\/\/sserrano.santcugatesn.com\/index.php\/wp-json\/wp\/v2\/comments?post=550"}],"wp:featuredmedia":[{"embeddable":true,"href":"https:\/\/sserrano.santcugatesn.com\/index.php\/wp-json\/wp\/v2\/media\/639"}],"wp:attachment":[{"href":"https:\/\/sserrano.santcugatesn.com\/index.php\/wp-json\/wp\/v2\/media?parent=550"}],"wp:term":[{"taxonomy":"product_brand","embeddable":true,"href":"https:\/\/sserrano.santcugatesn.com\/index.php\/wp-json\/wp\/v2\/product_brand?post=550"},{"taxonomy":"product_cat","embeddable":true,"href":"https:\/\/sserrano.santcugatesn.com\/index.php\/wp-json\/wp\/v2\/product_cat?post=550"},{"taxonomy":"product_tag","embeddable":true,"href":"https:\/\/sserrano.santcugatesn.com\/index.php\/wp-json\/wp\/v2\/product_tag?post=550"}],"curies":[{"name":"wp","href":"https:\/\/api.w.org\/{rel}","templated":true}]}}