{"id":10,"date":"2025-09-30T15:54:08","date_gmt":"2025-09-30T15:54:08","guid":{"rendered":"https:\/\/sserrano.santcugatesn.com\/index.php\/my-account\/"},"modified":"2025-12-25T17:34:45","modified_gmt":"2025-12-25T17:34:45","slug":"my-account","status":"publish","type":"page","link":"https:\/\/sserrano.santcugatesn.com\/index.php\/my-account\/","title":{"rendered":"My account"},"content":{"rendered":"\t\t<div data-elementor-type=\"wp-page\" data-elementor-id=\"10\" class=\"elementor elementor-10\" data-elementor-post-type=\"page\">\n\t\t\t\t\t\t<section class=\"elementor-section elementor-top-section elementor-element elementor-element-1498f302 elementor-section-boxed elementor-section-height-default elementor-section-height-default\" data-id=\"1498f302\" data-element_type=\"section\">\n\t\t\t\t\t\t<div class=\"elementor-container elementor-column-gap-default\">\n\t\t\t\t\t<div class=\"elementor-column elementor-col-100 elementor-top-column elementor-element elementor-element-c4e775\" data-id=\"c4e775\" data-element_type=\"column\">\n\t\t\t<div class=\"elementor-widget-wrap elementor-element-populated\">\n\t\t\t\t\t\t<div class=\"elementor-element elementor-element-42e40187 e-my-account-tabs-vertical elementor-widget elementor-widget-woocommerce-my-account\" data-id=\"42e40187\" data-element_type=\"widget\" data-widget_type=\"woocommerce-my-account.default\">\n\t\t\t\t\t<div class=\"e-my-account-tab e-my-account-tab__ \">\t\t\t<div class=\"woocommerce\"><\/div>\t\t<\/div>\n\t\t\t\t\t\t<\/div>\n\t\t\t\t\t<\/div>\n\t\t<\/div>\n\t\t\t\t\t<\/div>\n\t\t<\/section>\n\t\t\t\t<\/div>\n\t\t","protected":false},"excerpt":{"rendered":"<p>Panel Personal Ordenes Direcciones Detalles de Cuenta Cerrar Sesi\u00f3n Hola admin (\u00bfno eres admin? Cerrar sesi\u00f3n) Desde el escritorio de tu cuenta puedes ver tus pedidos recientes, gestionar tus direcciones de env\u00edo y facturaci\u00f3n y editar tu contrase\u00f1a y los detalles de tu cuenta.<\/p>\n","protected":false},"author":1,"featured_media":0,"parent":0,"menu_order":0,"comment_status":"closed","ping_status":"closed","template":"elementor_header_footer","meta":{"_joinchat":[],"footnotes":""},"class_list":["post-10","page","type-page","status-publish","hentry"],"yoast_head":"<!-- This site is optimized with the Yoast SEO plugin v26.6 - https:\/\/yoast.com\/wordpress\/plugins\/seo\/ -->\n<title>Mi panel personal SENSE4U - Sense4U<\/title>\n<meta name=\"description\" content=\"Con tu panel personal de SENSE4U gestiona f\u00e1cilmente pedidos, informaci\u00f3n de contacto, facturaci\u00f3n y direcci\u00f3n...\" \/>\n<meta name=\"robots\" content=\"index, follow, max-snippet:-1, max-image-preview:large, max-video-preview:-1\" \/>\n<link rel=\"canonical\" href=\"https:\/\/sserrano.santcugatesn.com\/index.php\/my-account\/\" \/>\n<meta property=\"og:locale\" content=\"es_ES\" \/>\n<meta property=\"og:type\" content=\"article\" \/>\n<meta property=\"og:title\" content=\"Mi panel personal SENSE4U - Sense4U\" \/>\n<meta property=\"og:description\" content=\"Con tu panel personal de SENSE4U gestiona f\u00e1cilmente pedidos, informaci\u00f3n de contacto, facturaci\u00f3n y direcci\u00f3n...\" \/>\n<meta property=\"og:url\" content=\"https:\/\/sserrano.santcugatesn.com\/index.php\/my-account\/\" \/>\n<meta property=\"og:site_name\" content=\"Sense4U\" \/>\n<meta property=\"article:modified_time\" content=\"2025-12-25T17:34:45+00:00\" \/>\n<meta name=\"twitter:card\" content=\"summary_large_image\" \/>\n<meta name=\"twitter:label1\" content=\"Tiempo de lectura\" \/>\n\t<meta name=\"twitter:data1\" content=\"1 minuto\" \/>\n<script type=\"application\/ld+json\" class=\"yoast-schema-graph\">{\"@context\":\"https:\/\/schema.org\",\"@graph\":[{\"@type\":\"WebPage\",\"@id\":\"https:\/\/sserrano.santcugatesn.com\/index.php\/my-account\/\",\"url\":\"https:\/\/sserrano.santcugatesn.com\/index.php\/my-account\/\",\"name\":\"Mi panel personal SENSE4U - Sense4U\",\"isPartOf\":{\"@id\":\"https:\/\/sserrano.santcugatesn.com\/#website\"},\"datePublished\":\"2025-09-30T15:54:08+00:00\",\"dateModified\":\"2025-12-25T17:34:45+00:00\",\"description\":\"Con tu panel personal de SENSE4U gestiona f\u00e1cilmente pedidos, informaci\u00f3n de contacto, facturaci\u00f3n y direcci\u00f3n...\",\"breadcrumb\":{\"@id\":\"https:\/\/sserrano.santcugatesn.com\/index.php\/my-account\/#breadcrumb\"},\"inLanguage\":\"es\",\"potentialAction\":[{\"@type\":\"ReadAction\",\"target\":[\"https:\/\/sserrano.santcugatesn.com\/index.php\/my-account\/\"]}]},{\"@type\":\"BreadcrumbList\",\"@id\":\"https:\/\/sserrano.santcugatesn.com\/index.php\/my-account\/#breadcrumb\",\"itemListElement\":[{\"@type\":\"ListItem\",\"position\":1,\"name\":\"Home\",\"item\":\"https:\/\/sserrano.santcugatesn.com\/\"},{\"@type\":\"ListItem\",\"position\":2,\"name\":\"My account\"}]},{\"@type\":\"WebSite\",\"@id\":\"https:\/\/sserrano.santcugatesn.com\/#website\",\"url\":\"https:\/\/sserrano.santcugatesn.com\/\",\"name\":\"Sense4U\",\"description\":\"\",\"publisher\":{\"@id\":\"https:\/\/sserrano.santcugatesn.com\/#organization\"},\"potentialAction\":[{\"@type\":\"SearchAction\",\"target\":{\"@type\":\"EntryPoint\",\"urlTemplate\":\"https:\/\/sserrano.santcugatesn.com\/?s={search_term_string}\"},\"query-input\":{\"@type\":\"PropertyValueSpecification\",\"valueRequired\":true,\"valueName\":\"search_term_string\"}}],\"inLanguage\":\"es\"},{\"@type\":\"Organization\",\"@id\":\"https:\/\/sserrano.santcugatesn.com\/#organization\",\"name\":\"Sense4U\",\"url\":\"https:\/\/sserrano.santcugatesn.com\/\",\"logo\":{\"@type\":\"ImageObject\",\"inLanguage\":\"es\",\"@id\":\"https:\/\/sserrano.santcugatesn.com\/#\/schema\/logo\/image\/\",\"url\":\"https:\/\/sserrano.santcugatesn.com\/wp-content\/uploads\/2025\/12\/cropped-Diseno-sin-titulo-3.png\",\"contentUrl\":\"https:\/\/sserrano.santcugatesn.com\/wp-content\/uploads\/2025\/12\/cropped-Diseno-sin-titulo-3.png\",\"width\":195,\"height\":57,\"caption\":\"Sense4U\"},\"image\":{\"@id\":\"https:\/\/sserrano.santcugatesn.com\/#\/schema\/logo\/image\/\"}}]}<\/script>\n<!-- \/ Yoast SEO plugin. -->","yoast_head_json":{"title":"Mi panel personal SENSE4U - Sense4U","description":"Con tu panel personal de SENSE4U gestiona f\u00e1cilmente pedidos, informaci\u00f3n de contacto, facturaci\u00f3n y direcci\u00f3n...","robots":{"index":"index","follow":"follow","max-snippet":"max-snippet:-1","max-image-preview":"max-image-preview:large","max-video-preview":"max-video-preview:-1"},"canonical":"https:\/\/sserrano.santcugatesn.com\/index.php\/my-account\/","og_locale":"es_ES","og_type":"article","og_title":"Mi panel personal SENSE4U - Sense4U","og_description":"Con tu panel personal de SENSE4U gestiona f\u00e1cilmente pedidos, informaci\u00f3n de contacto, facturaci\u00f3n y direcci\u00f3n...","og_url":"https:\/\/sserrano.santcugatesn.com\/index.php\/my-account\/","og_site_name":"Sense4U","article_modified_time":"2025-12-25T17:34:45+00:00","twitter_card":"summary_large_image","twitter_misc":{"Tiempo de lectura":"1 minuto"},"schema":{"@context":"https:\/\/schema.org","@graph":[{"@type":"WebPage","@id":"https:\/\/sserrano.santcugatesn.com\/index.php\/my-account\/","url":"https:\/\/sserrano.santcugatesn.com\/index.php\/my-account\/","name":"Mi panel personal SENSE4U - Sense4U","isPartOf":{"@id":"https:\/\/sserrano.santcugatesn.com\/#website"},"datePublished":"2025-09-30T15:54:08+00:00","dateModified":"2025-12-25T17:34:45+00:00","description":"Con tu panel personal de SENSE4U gestiona f\u00e1cilmente pedidos, informaci\u00f3n de contacto, facturaci\u00f3n y direcci\u00f3n...","breadcrumb":{"@id":"https:\/\/sserrano.santcugatesn.com\/index.php\/my-account\/#breadcrumb"},"inLanguage":"es","potentialAction":[{"@type":"ReadAction","target":["https:\/\/sserrano.santcugatesn.com\/index.php\/my-account\/"]}]},{"@type":"BreadcrumbList","@id":"https:\/\/sserrano.santcugatesn.com\/index.php\/my-account\/#breadcrumb","itemListElement":[{"@type":"ListItem","position":1,"name":"Home","item":"https:\/\/sserrano.santcugatesn.com\/"},{"@type":"ListItem","position":2,"name":"My account"}]},{"@type":"WebSite","@id":"https:\/\/sserrano.santcugatesn.com\/#website","url":"https:\/\/sserrano.santcugatesn.com\/","name":"Sense4U","description":"","publisher":{"@id":"https:\/\/sserrano.santcugatesn.com\/#organization"},"potentialAction":[{"@type":"SearchAction","target":{"@type":"EntryPoint","urlTemplate":"https:\/\/sserrano.santcugatesn.com\/?s={search_term_string}"},"query-input":{"@type":"PropertyValueSpecification","valueRequired":true,"valueName":"search_term_string"}}],"inLanguage":"es"},{"@type":"Organization","@id":"https:\/\/sserrano.santcugatesn.com\/#organization","name":"Sense4U","url":"https:\/\/sserrano.santcugatesn.com\/","logo":{"@type":"ImageObject","inLanguage":"es","@id":"https:\/\/sserrano.santcugatesn.com\/#\/schema\/logo\/image\/","url":"https:\/\/sserrano.santcugatesn.com\/wp-content\/uploads\/2025\/12\/cropped-Diseno-sin-titulo-3.png","contentUrl":"https:\/\/sserrano.santcugatesn.com\/wp-content\/uploads\/2025\/12\/cropped-Diseno-sin-titulo-3.png","width":195,"height":57,"caption":"Sense4U"},"image":{"@id":"https:\/\/sserrano.santcugatesn.com\/#\/schema\/logo\/image\/"}}]}},"jetpack_sharing_enabled":true,"_links":{"self":[{"href":"https:\/\/sserrano.santcugatesn.com\/index.php\/wp-json\/wp\/v2\/pages\/10","targetHints":{"allow":["GET"]}}],"collection":[{"href":"https:\/\/sserrano.santcugatesn.com\/index.php\/wp-json\/wp\/v2\/pages"}],"about":[{"href":"https:\/\/sserrano.santcugatesn.com\/index.php\/wp-json\/wp\/v2\/types\/page"}],"author":[{"embeddable":true,"href":"https:\/\/sserrano.santcugatesn.com\/index.php\/wp-json\/wp\/v2\/users\/1"}],"replies":[{"embeddable":true,"href":"https:\/\/sserrano.santcugatesn.com\/index.php\/wp-json\/wp\/v2\/comments?post=10"}],"version-history":[{"count":13,"href":"https:\/\/sserrano.santcugatesn.com\/index.php\/wp-json\/wp\/v2\/pages\/10\/revisions"}],"predecessor-version":[{"id":702,"href":"https:\/\/sserrano.santcugatesn.com\/index.php\/wp-json\/wp\/v2\/pages\/10\/revisions\/702"}],"wp:attachment":[{"href":"https:\/\/sserrano.santcugatesn.com\/index.php\/wp-json\/wp\/v2\/media?parent=10"}],"curies":[{"name":"wp","href":"https:\/\/api.w.org\/{rel}","templated":true}]}}